*3 - j**2 + 6*j + 5. Let b(i) = -4*n(i) + y(i). List the prime factors of b(-7).
3, 83
Let v(c) = -2*c**3 - 39*c**2 + 133*c + 93. What are the prime factors of v(-30)?
3, 1667
Let i(u) = 52*u + 1133. What are the prime factors of i(14)?
1861
Let y(j) = j**2 - 3*j + 1. Let u be y(1). Let p = u + 1. Suppose 8*r - 7*r - 23 = p. What are the prime factors of r?
23
Let d(r) = 9*r**2 + 37. Suppose -2*l + 2*p = -4 - 0, 4*l - 23 = p. What are the prime factors of d(l)?
2, 239
Let v(y) = -4 - y - y - 5*y. Let t be v(-2). Suppose -t*p + 107 + 43 = 0. List the prime factors of p.
3, 5
What are the prime factors of (2 + -12)*36/30*-1743 + -2?
2, 10457
Suppose -4*g - 3333 = -m, -28*g = -33*g - 30. What are the prime factors of m?
3, 1103
Let p(v) = 8*v + 5*v - 105 - 3*v + 7*v. What are the prime factors of p(35)?
2, 5, 7
Let p = 10129 - 4097. What are the prime factors of p?
2, 13, 29
Let a(y) = y + 10. Let l be a(-9). Let k(z) = 122*z + 5. Let o(c) = 3*c - 1. Let w(g) = k(g) - 5*o(g). What are the prime factors of w(l)?
3, 13
Let v(g) = 7444*g**2 + 87*g - 88. List the prime factors of v(1).
3, 827
List the prime factors of 3/90 + 30/(-180) + (-543724)/(-30).
2, 23, 197
Let f(z) = -36*z + 128. Let v be f(-7). Let n = v + 424. List the prime factors of n.
2, 3, 67
Let u = 5790 + -1834. Suppose 0 = 3*m + 2*l - 2974, 4*m - 4*l + 9*l - u = 0. What are the prime factors of m?
2, 7, 71
Suppose -9*b = -17*b - 4*q + 37716, 2*b - 9435 = -3*q. What are the prime factors of b?
3, 1571
Let p(f) = 5*f**3 + f - 1. Let l be p(1). Suppose 2*c - 10 = -2, -l*m + 222 = 3*c. Suppose m = k + 25. What are the prime factors of k?
17
Let n(j) = -45*j + 2. Let d(t) = -1. Let i(v) = -4*d(v) + n(v). List the prime factors of i(-3).
3, 47
Suppose 2*z = 20 + 18. Suppose -2*d + 17 = -z. Suppose 42 = f - d. List the prime factors of f.
2, 3, 5
Let q(v) = 6*v + 42. Let s be q(-4). Let p(z) = 4*z**2 + 6*z + 1. Let f be p(-4). Let u = f - s. What are the prime factors of u?
23
Let d be ((-8)/22)/(14/(-77)). Suppose d*s - 4*b - 166 = 0, 24*b + 297 = 4*s + 23*b. List the prime factors of s.
73
Suppose -3*i - d = -12324, 52*i + 5*d - 20560 = 47*i. List the prime factors of i.
2, 2053
Let y be 3 - (-3 + 4 + 234). Let d be y/(-3)*27/18. Suppose r - 3*q - d = -19, -4*r + 416 = 2*q. What are the prime factors of r?
103
Let v(y) = y**2 - 29*y + 188. What are the prime factors of v(38)?
2, 5, 53
Let w be 8/((-18)/(-135)*(-3)/(-4)). Let y = 282 + w. What are the prime factors of y?
2, 181
Let d(j) = 12237*j**2 - 82*j + 83. List the prime factors of d(1).
2, 29, 211
Let h be (2 - 1)/(2/4). Suppose -858 = -3*j - 3*v, 5*j + h*v + 150 = 1580. List the prime factors of j.
2, 11, 13
Suppose 2*p + 25 = 2*y - p, 0 = 5*p - 5. Suppose 4843 = y*f - 1135. What are the prime factors of f?
7, 61
Let m = -15254 + 25523. List the prime factors of m.
3, 7, 163
Let u be 7/1 - (-48)/12. Suppose -8*d = -u*d + 54. List the prime factors of (-1)/(d/(-2570)) + (-2)/(-9).
11, 13
Suppose -93 = -3*p + 1869. Suppose -p = -4*z + z - 3*u, -z = -3*u - 214. Let k = -126 + z. What are the prime factors of k?
7, 13
Suppose 5*n + 8760 = 5*l, l = -143*n + 142*n - 1756. Let o = n - -3284. List the prime factors of o.
2, 3, 5, 17
Let p be 12 + 12/(4*-1) - 2. Let k(g) = g**2 + 5*g - 3*g**2 + 1 + p*g + 4*g**3 - 13*g. What are the prime factors of k(3)?
2, 11
Let v be 156/(-8)*(-40)/15. Let f be (6/(-4))/((-3)/v). Suppose -f = -6*a + 3*a + s, 0 = 5*a + 3*s - 34. List the prime factors of a.
2
Suppose 112*a = 96*a + 21792. List the prime factors of a.
2, 3, 227
Let f(o) = -2*o**3 - 4*o**2 + 9*o - 6. Suppose 4*y = -m - 100, 0*m = 2*y + 4*m + 64. Let n(h) = h**2 + 22*h - 53. Let u be n(y). List the prime factors of f(u).
3, 11
Let r(m) = -m**2 + 2*m + 2. Let d be r(2). Let j = -3300 - -3323. Suppose -d*f + j = -91. List the prime factors of f.
3, 19
Let p = -20008 - -29159. What are the prime factors of p?
9151
Suppose 3*h + 5*p = -119, -2*h - p - 3*p = 80. Let c = h + 50. Suppose -c = 4*z - 0*z, 3*d - 162 = -2*z. What are the prime factors of d?
2, 7
Let u be 0/(4/(-16)*-4). Suppose 5*w - 423 - 1912 = u. List the prime factors of w.
467
Let k = -24 - -27. Suppose 0 = -5*l - 3*a + 471, -6 = 3*a + k. What are the prime factors of 11/(2*3/l)?
2, 11
Suppose 201*q - 188*q - 65728 = 0. What are the prime factors of q?
2, 79
Let r = 169 - 153. Suppose 10*w - 9282 = -r*w. List the prime factors of w.
3, 7, 17
Let q(l) = 4*l - 21. Let i = -90 - -96. Let w be q(i). Suppose 0 = 5*a + w*k - 634, 4*a = 2*a + 3*k + 262. List the prime factors of a.
2
Let u(j) be the first derivative of -j**3/3 + 19*j**2/2 - 16*j + 3. Suppose 2*f + 6 = 0, 0 = 4*t - f + 98 - 169. What are the prime factors of u(t)?
2, 3
Suppose 26290268 = 556*b + 19955997 - 27697377. What are the prime factors of b?
2, 7, 1093
Suppose -431*c + 570*c - 4039757 = 0. List the prime factors of c.
29063
Let j(d) = -4*d - 26. Let s be j(6). List the prime factors of (-75)/s*844/6.
211
Let i(l) = 74*l**2 + 17*l - 67. List the prime factors of i(12).
43, 251
Suppose -3*r = 3*r + 450. Let j = 151 + r. Let a = j - 59. What are the prime factors of a?
17
What are the prime factors of 0 - (0 - (-36455)/(-2)) - (-760)/1520?
2, 3, 7, 31
Let a(x) = 23389*x + 210. What are the prime factors of a(2)?
2, 17, 691
Let n(w) = -690*w**3 - 3 - 2*w**2 + 23*w - 17*w - 2 - 13*w. What are the prime factors of n(-1)?
2, 3, 5, 23
Suppose q - 3 = 2*z, q - 4*z - 3 = 2*q. Let o = 5 - q. Suppose -9 = o*u - 217. What are the prime factors of u?
2, 13
Suppose -4*u + 125697 = -43*u. Let b = u - -4894. List the prime factors of b.
3, 557
Let l = 15544 + -9778. List the prime factors of l.
2, 3, 31
Let z(f) = -f**2 + 36*f - 153. Let r be z(31). Suppose 5*n - 5*i - 5885 = 0, r*n - 2355 = -6*i + 7*i. What are the prime factors of n?
2, 19, 31
Let x = -7806 - -13030. List the prime factors of x.
2, 653
Let b(p) = -p**3 + 7*p**2 - 10*p - 4. Let d(w) = w**3 + 2*w**2 - 10*w - 3. Let v be d(-4). Let r be b(v). What are the prime factors of 1/(3*r/(-1776))?
2, 37
Suppose 42 = -4*l + 82. Let m(j) = 17*j - 28. Let s be m(l). Suppose 4*g = -s + 498. List the prime factors of g.
89
Suppose 0 = -71*w + 64*w. Suppose 8*v - 3515 - 4517 = w. What are the prime factors of v?
2, 251
Let a = -513 + 269. Let c = a - -355. What are the prime factors of c?
3, 37
Suppose -30*w + 481304 = -161236. List the prime factors of w.
2, 10709
Let g(x) = -3*x**2 + 43*x - 18. Let y be g(14). Let j(t) be the first derivative of 7*t**3/3 - 3*t**2 - 16*t + 5. List the prime factors of j(y).
2, 3, 5
Suppose -164*m + 3*w = -161*m - 23688, 2*m = -5*w + 15813. List the prime factors of m.
3, 2633
Let n be 3*(-2)/(-4)*(-5080)/60. Let r = n + 803. What are the prime factors of r?
2, 13
Suppose 5*q = 12201 + 3800 + 34674. What are the prime factors of q?
5, 2027
What are the prime factors of 591*(-3)/(-18)*(-412)/8*-4?
103, 197
Let v(n) = 175*n - 659. List the prime factors of v(56).
3, 11, 277
Let c(d) = -10*d - 136. Let o be c(-14). Suppose 2*h - o*i = 1288, 9*h - 2600 = 5*h + 2*i. List the prime factors of h.
2, 163
What are the prime factors of ((-31)/(248/(-16)))/((-6)/(-22107))?
7369
Let v = 240 + 185. Suppose -2*c = -619 - v. List the prime factors of c.
2, 3, 29
Let k(d) = -151*d + 2. Let r be k(-8). Suppose r = 18*s - 16*s. List the prime factors of s.
5, 11
Suppose 0 = -4*t + 97 - 41. List the prime factors of (-4)/t - 50922/(-161).
2, 79
Let a(v) = -2*v - 5. Let w(g) = -g. Let p(m) = a(m) - 4*w(m). Let b be p(8). Suppose -b*o + 15*o - 120 = 0. List the prime factors of o.
2, 3, 5
Let d = 108 - 95. Suppose 2*t = -d + 17. Suppose t*j - j = 298. What are the prime factors of j?
2, 149
Let n = 53959 + -27044. What are the prime factors of n?
5, 7, 769
Let s(d) be the third derivative of d**4/4 - 7*d**3/3 + 52*d**2. Suppose -2*f - 4*z = -20, -7*f - 2*z = -3*f - 28. List the prime factors of s(f).
2, 11
Suppose 17*z - 396754 - 48799 = -0*z. What are the prime factors of z?
26209
Suppose 3*p = 5*v + 46, 3*p = 2*v - 5*v + 30. Suppose 4*m - 8 = p*m. List the prime factors of 123*m/(-2)*(3 - 1).
3, 41
What are the prime factors of (-4)/(-14) + (-748)/935 + (-2160743)/(-35)?
5, 12347
Suppose 3*d = -2*i - 2*i + 19, -2*i = 5*d - 13. Let y = -60 + 66. Suppose 0 = i*t 